Is 46840 a multiple of 5?
True
Does 9 divide 618822?
True
Is 60 a factor of 32127?
False
Does 58 divide 14849566?
True
Does 252 divide 1651608?
True
Is 36 a factor of 16831548?
True
Does 11 divide 397171?
False
Does 39 divide 2932974?
False
Is 591075 a multiple of 111?
True
Does 101 divide 2020808?
True
Is 56 a factor of 1397536?
True
Is 6070309 a multiple of 250?
False
Does 126 divide 6442128?
True
Is 206 a factor of 354320?
True
Is 26 a factor of 1383876?
True
Does 107 divide 670003?
False
Is 5 a factor of 2394301?
False
Is 21 a factor of 108698?
False
Does 262 divide 5481302?
True
Does 751 divide 223185?
False
Is 14 a factor of 8066926?
True
Does 468 divide 301860?
True
Is 196 a factor of 172088?
True
Does 41 divide 253826?
False
Is 644157 a multiple of 74?
False
Is 92 a factor of 330372?
True
Is 8 a factor of 134128?
True
Is 3 a factor of 35624?
False
Is 281 a factor of 263670?
False
Is 5045002 a multiple of 31?
True
Is 2014725 a multiple of 25?
True
Does 10 divide 82017?
False
Does 10 divide 183752?
False
Is 177804 a multiple of 269?
False
Does 22 divide 5023007?
False
Is 1793 a factor of 7186344?
True
Is 170 a factor of 14280850?
True
Is 57 a factor of 28454457?
True
Is 178270 a multiple of 54?
False
Is 431 a factor of 350834?
True
Does 13 divide 1219953?
False
Does 3 divide 234782?
False
Is 107 a factor of 292708?
False
Does 37 divide 70892?
True
Is 25 a factor of 51289?
False
Is 6222864 a multiple of 24?
True
Is 29 a factor of 8934313?
False
Does 23 divide 740899?
True
Does 27 divide 4241995?
False
Is 62 a factor of 34968?
True
Does 37 divide 1989707?
False
Does 28 divide 951893?
False
Does 135 divide 387727?
False
Does 618 divide 22866?
True
Is 60 a factor of 304861?
False
Is 1013393 a multiple of 42?
False
Does 104 divide 119808?
True
Is 408356 a multiple of 287?
False
Is 5 a factor of 54475?
True
Is 2865600 a multiple of 48?
True
Is 750260 a multiple of 322?
True
Does 93 divide 178560?
True
Is 2835074 a multiple of 682?
True
Is 17 a factor of 123962?
False
Is 6 a factor of 2575296?
True
Is 4 a factor of 7739?
False
Is 27 a factor of 25027?
False
Is 408076 a multiple of 350?
False
Is 234 a factor of 452556?
True
Is 45 a factor of 1479645?
True
Is 402045 a multiple of 35?
True
Does 100 divide 461510?
False
Is 70 a factor of 6501250?
True
Does 4 divide 86740?
True
Is 14 a factor of 198506?
True
Is 331524 a multiple of 36?
True
Does 17 divide 579734?
True
Is 8 a factor of 1994446?
False
Does 29 divide 1859045?
True
Is 1669682 a multiple of 5?
False
Is 11850 a multiple of 237?
True
Does 296 divide 299893?
False
Is 868231 a multiple of 49?
True
Does 79 divide 28019483?
True
Does 353 divide 8441289?
True
Is 449065 a multiple of 29?
True
Is 52 a factor of 20713784?
True
Is 1396236 a multiple of 23?
False
Is 14 a factor of 1754696?
False
Is 16 a factor of 27807744?
True
Does 224 divide 6741050?
False
Does 39 divide 529029?
False
Does 44 divide 9152?
True
Does 670 divide 1906150?
True
Is 83853 a multiple of 21?
True
Is 816 a factor of 11723729?
False
Does 227 divide 242209?
True
Is 25 a factor of 117732?
False
Is 28 a factor of 8668604?
True
Is 558 a factor of 1466954?
False
Is 441358 a multiple of 57?
False
Is 39653 a multiple of 103?
False
Is 106 a factor of 403436?
True
Is 17 a factor of 69632?
True
Is 24 a factor of 1139612?
False
Is 19017 a multiple of 2?
False
Is 21 a factor of 1025669?
False
Is 8670080 a multiple of 1426?
True
Is 41 a factor of 720779?
False
Does 54 divide 14580?
True
Is 12 a factor of 46392?
True
Does 10 divide 292483?
False
Does 39 divide 649635?
False
Is 7 a factor of 85162?
True
Is 4 a factor of 50637?
False
Is 846746 a multiple of 178?
True
Is 64 a factor of 158234?
False
Does 45 divide 2708525?
False
Does 24 divide 3480312?
True
Is 2 a factor of 9713?
False
Is 23548 a multiple of 14?
True
Does 348 divide 1054788?
True
Does 15 divide 10575?
True
Does 47 divide 66714?
False
Is 769 a factor of 2506940?
True
Does 17 divide 16089412?
True
Is 41 a factor of 273142?
True
Does 23 divide 2317743?
False
Is 49 a factor of 141752?
False
Is 4667712 a multiple of 322?
True
Is 2392594 a multiple of 93?
False
Does 11 divide 167233?
True
Does 15 divide 84001?
False
Is 7696128 a multiple of 192?
True
Is 134130 a multiple of 255?
True
Is 529579 a multiple of 91?
False
Is 26110 a multiple of 14?
True
Is 242 a factor of 53718?
False
Is 91 a factor of 208572?
True
Does 5 divide 39022?
False
Is 163846 a multiple of 42?
False
Is 171 a factor of 208620?
True
Is 2160765 a multiple of 45?
True
Does 204 divide 243168?
True
Is 40953 a multiple of 6?
False
Does 43 divide 12557333?
True
Does 2037 divide 8595569?
False
Is 3 a factor of 1486597?
False
Does 25 divide 233204?
False
Does 11 divide 244420?
True
Is 41413 a multiple of 18?
False
Is 4 a factor of 136023?
False
Is 1895807 a multiple of 97?
False
Is 38429 even?
False
Is 1563471 a multiple of 113?
False
Is 12 a factor of 5563116?
True
Is 8 a factor of 951079?
False
Is 150870 a multiple of 282?
True
Is 145 a factor of 140951?
False
Does 211 divide 833447?
False
Is 47 a factor of 1518993?
True
Is 2885816 a multiple of 791?
False
Does 17 divide 176681?
True
Is 9 a factor of 290313?
True
Is 7955679 a multiple of 21?
False
Is 95 a factor of 54530?
True
Is 39394 a multiple of 31?
False
Is 23 a factor of 425000?
False
Is 74 a factor of 21030581?
False
Is 60 a factor of 729060?
True
Does 22 divide 32758?
True
Does 27 divide 31143?
False
Is 203 a factor of 30683?
False
Does 10 divide 249540?
True
Does 10 divide 121090?
True
Is 141 a factor of 339593?
False
Is 332472 a multiple of 12?
True
Is 1462270 a multiple of 143?
False
Does 11 divide 1962334?
True
Does 15 divide 25785?
True
Does 27 divide 1839807?
True
Is 93170 a multiple of 18?
False
Is 2921801 a multiple of 104?
False
Is 1917608 a multiple of 80?
False
Is 2126950 a multiple of 8?
False
Does 36 divide 1846548?
True
Is 11 a factor of 763068?
False
Is 1355372 a multiple of 334?
True
Is 46 a factor of 112303?
False
Is 41 a factor of 41447?
False
Is 172 a factor of 860806?
False
Does 50 divide 8830950?
True
Is 117 a factor of 5641623?
True
Does 3 divide 640963?
False
Is 28 a factor of 126843?
False
Is 1584741 a multiple of 316?
False
Is 77 a factor of 1853005?
True
Does 69 divide 275253?
False
Does 85 divide 35148?
False
Does 11 divide 201187?
False
Does 6 divide 6815172?
True
Is 8 a factor of 391210?
False
Is 99 a factor of 205640?
False
Is 6 a factor of 602363?
False
Is 684 a factor of 6993216?
True
Is 417339 a multiple of 13?
True
Is 140648 a multiple of 29?
False
Is 251 a factor of 1747?
False
Is 30 a factor of 309228?
False
Is 21 a factor of 9089325?
True
Is 121 a factor of 93727?
False
Is 115 a factor of 38577?
False
Is 680073 a multiple of 138?
False
Is 236 a factor of 244968?
True
Is 1600749 a multiple of 587?
True
Is 498 a factor of 116097?
False
Is 3547526 a multiple of 34?
True
Does 54 divide 2372868?
True
Is 60410 even?
True
Does 244 divide 276696?
True
Is 4900335 a multiple of 1231?
False
Does 173 divide 9165194?
True
Is 484201 a multiple of 385?
False
Does 68 divide 203277?
False
Is 4131968 a multiple of 304?
True
Is 18 a factor of 5784?
False
Is 19 a factor of 101272?
False
Is 91988 a multiple of 122?
True
Does 205 divide 164205?
True
Is 35712 a multiple of 4?
True
Is 875 a factor of 1450077?
False
Is 8 a factor of 20144?
True
Is 113 a factor of 2605667?
True
Is 13 a factor of 59277?
False
Is 17 a factor of 3069892?
False
Is 478436 a multiple of 14?
True
Does 207 divide 838350?
True
Is 177 a factor of 10554510?
True
Is 124 a factor of 249679?
False
Is 208896 a multiple of 272?
True
Does 2 divide 780722?
True
Is 44246 a multiple of 28?
False
Is 254 a factor of 163950?
False
Is 6 a factor of 171271?
False
Is 111347 a multiple of 59?
False
Is 6784 a multiple of 4?
True
Is 34052 a multiple of 4?
True
Is 398 a factor of 2590184?
True
Does 9 divide 713735?
False
Is 2519179 a multiple of 13?
True
Is 13 a factor of 129696?
False
Is 34414 a multiple of 3?
False
Is 2999929 a multiple of 779?
True
Does 77 divide 36670403?
True
Is 25 a factor of 5289681?
False
Is 3 a factor of 101484?
True
Is 3 a factor of 13158?
True
Is 1062551 a multiple of 75?
False
Is 1586 a factor of 20523443?
False
Is 21822 a multiple of 272?
False
Is 23 a factor o